{"id":27,"date":"2020-03-09T19:47:57","date_gmt":"2020-03-09T19:47:57","guid":{"rendered":"https:\/\/hintzonline.de\/wordpress\/?page_id=27"},"modified":"2025-07-28T04:27:28","modified_gmt":"2025-07-28T04:27:28","slug":"impressum","status":"publish","type":"page","link":"https:\/\/unterkunft-im-odenwald.de\/?page_id=27","title":{"rendered":"<center>Impressum<\/center>"},"content":{"rendered":"\n<p class=\"has-text-align-center\">Inhaltlich Verantwortlicher gem\u00e4ss \u00a7 10 Absatz 3 MDStV:<br><strong>Hintzonline<\/strong>, Inh. Andreas Hintz<br>Hangweg 8, 64678 Lindenfels<br>Tel. 06255-9683811<br>Fax. 06255-9683812<br>Mobil. 0171-1718982<br>e-Mail: <a href=\"mailto:info@hintzonline.de?subject=Anfrage%20aus%20Portal%20Unterkunft%20im%20Odenwald\">info@hintzonline.de<\/a><\/p>\n\n\n\n<p class=\"has-text-align-center\">Steuernummer: 017 827 60883<\/p>\n\n\n\n<p class=\"has-text-align-center\"><strong>Haftungshinweis:<\/strong><br>Trotz sorgf\u00e4ltiger inhaltlicher Kontrolle \u00fcbernehmen wir keine Haftung f\u00fcr die Inhalte externer Links.<br>F\u00fcr den Inhalt der verlinkten Seiten sind ausschliesslich deren Betreiber verantwortlich.<\/p>\n","protected":false},"excerpt":{"rendered":"<p>Inhaltlich Verantwortlicher gem\u00e4ss \u00a7 10 Absatz 3 MDStV:Hintzonline, Inh. Andreas HintzHangweg 8, 64678 LindenfelsTel. 06255-9683811Fax. 06255-9683812Mobil. 0171-1718982e-Mail: info@hintzonline.de Steuernummer: 017 827 60883 Haftungshinweis:Trotz sorgf\u00e4ltiger inhaltlicher Kontrolle \u00fcbernehmen wir keine Haftung f\u00fcr die Inhalte externer Links.F\u00fcr den Inhalt der verlinkten Seiten sind ausschliesslich deren Betreiber verantwortlich.<\/p>\n","protected":false},"author":3,"featured_media":0,"parent":0,"menu_order":0,"comment_status":"closed","ping_status":"closed","template":"","meta":{"footnotes":""},"class_list":["post-27","page","type-page","status-publish","hentry"],"_links":{"self":[{"href":"https:\/\/unterkunft-im-odenwald.de\/index.php?rest_route=\/wp\/v2\/pages\/27","targetHints":{"allow":["GET"]}}],"collection":[{"href":"https:\/\/unterkunft-im-odenwald.de\/index.php?rest_route=\/wp\/v2\/pages"}],"about":[{"href":"https:\/\/unterkunft-im-odenwald.de\/index.php?rest_route=\/wp\/v2\/types\/page"}],"author":[{"embeddable":true,"href":"https:\/\/unterkunft-im-odenwald.de\/index.php?rest_route=\/wp\/v2\/users\/3"}],"replies":[{"embeddable":true,"href":"https:\/\/unterkunft-im-odenwald.de\/index.php?rest_route=%2Fwp%2Fv2%2Fcomments&post=27"}],"version-history":[{"count":5,"href":"https:\/\/unterkunft-im-odenwald.de\/index.php?rest_route=\/wp\/v2\/pages\/27\/revisions"}],"predecessor-version":[{"id":787,"href":"https:\/\/unterkunft-im-odenwald.de\/index.php?rest_route=\/wp\/v2\/pages\/27\/revisions\/787"}],"wp:attachment":[{"href":"https:\/\/unterkunft-im-odenwald.de\/index.php?rest_route=%2Fwp%2Fv2%2Fmedia&parent=27"}],"curies":[{"name":"wp","href":"https:\/\/api.w.org\/{rel}","templated":true}]}}